et u = -30 + 54. Let k(y) = -y**3 + 8*y**2 - 2*y + 2. What is the remainder when k(7) is divided by 3/2*208/u?
11
Suppose 5*a - z = 440, -4*a - z - 81 = -433. Calculate the remainder when a is divided by 10.
8
Suppose 0 = -5*u + 4*s + 4, 0 = 3*u + 2*s - 4*s - 2. Suppose -2*w + 10 + 14 = u. What is the remainder when 33 is divided by w?
9
Let a be 4/(-20) - (-512)/10. Suppose 5*u - 12 = 4*d - 99, 0 = 3*d + u - a. What is the remainder when 33 is divided by d?
15
Let a(l) = 7*l - 71. What is the remainder when a(21) is divided by 26?
24
Let l = 8 + -5. Suppose q - 33 = -l*z, -2*z + q + 7 = -10. Let k = z - 4. What is the remainder when 16 is divided by k?
4
Let w(q) = 2*q**3 - 3*q**2 - 3. Let b be w(3). Calculate the remainder when 44 is divided by ((-18)/b)/((-1)/16).
8
Let p = 10 - 0. Let b(a) = a + 1. Let h(y) = -2. Let l(j) = p*b(j) + 5*h(j). Calculate the remainder when l(4) is divided by 14.
12
Let b(m) = -m**3 + m + 17. Suppose -4*u + 77 + 47 = 0. What is the remainder when u is divided by b(0)?
14
Let d(a) = 14*a**2 - 2*a + 1. Let o be d(1). Let p = o + -8. What is the remainder when 9 is divided by p?
4
Let q(b) = -b + 6. Calculate the remainder when 68 is divided by q(-4).
8
Suppose 4*d + 5 = 1. Calculate the remainder when 46 is divided by (1 - d) + 5 + 5.
10
Let f(d) = -d + 9. Let m be f(4). Suppose m*w - 31 - 9 = -3*h, 0 = 5*h. Calculate the remainder when 23 is divided by w.
7
Let b(k) = 11*k**2 - k + 1. Calculate the remainder when 17 is divided by b(1).
6
Let h = -14 - -27. Let i = -9 + h. Let o(u) = 3*u. Calculate the remainder when 34 is divided by o(i).
10
Suppose w - 2*j = -0*w + 10, 40 = 4*w - j. Suppose -2 = -2*b + 12. Let i(a) = a**2 - 5*a - 8. What is the remainder when w is divided by i(b)?
4
Suppose -5*o + 2*c - 4*c = -268, 36 = o - 4*c. What is the remainder when o is divided by 9?
7
Calculate the remainder when ((-738)/21)/(-2) - 4/7 is divided by 6.
5
Let l be -1 + 12/(-3) + 9. Suppose 92 = l*b - 0*b. What is the remainder when 67 is divided by b?
21
Let j(c) = -3*c - 15. Calculate the remainder when 35 is divided by j(-8).
8
Suppose -4*p - 6 = 5*q + 9, 0 = -2*q - 6. Suppose p = -y + 4*y - 2*f - 4, -4 = -4*f. Suppose -27 = -y*l - 3. Calculate the remainder when 34 is divided by l.
10
Let d = -17 - -58. Let o = d + -22. Let f(t) = t**3 + 3*t**2 - 2*t + 4. Calculate the remainder when o is divided by f(-3).
9
Suppose -m - 6 + 1 = 0, 3*v + m - 1 = 0. What is the remainder when 9 is divided by 5/v*(7 - 5)?
4
Suppose -3*n + j - 6*j = -97, 0 = 3*n + 3*j - 87. What is the remainder when 67 is divided by n?
19
Suppose 0 = -4*f + k + 4*k + 26, -f - k + 11 = 0. Suppose -45 = -13*g + 4*g. Calculate the remainder when f is divided by g.
4
Suppose 11 = 4*q + 3. Suppose -5*y + 2*c = -176, q = y - c - 35. What is the remainder when y is divided by 18?
16
Suppose 15 = -4*i - 9. Let g = i + 30. Suppose -3*f + g = -f. Calculate the remainder when 23 is divided by f.
11
Let x = -41 - -106. What is the remainder when x is divided by 33?
32
Calculate the remainder when 24 is divided by (2/6)/(5*9/2160).
8
Let t = 24 + -14. Let j = 14 - t. Suppose j*o + 12 = 32. Calculate the remainder when 17 is divided by o.
2
What is the remainder when 1/(2/(-102)*-3) is divided by 10?
7
Let c = 53 + -22. Let l = 50 + c. What is the remainder when l is divided by 21?
18
Suppose 98 = -0*b + b. Calculate the remainder when b is divided by 20.
18
Let c = 94 + -76. Calculate the remainder when 49 is divided by c.
13
Let w(s) = s**3 + 7*s**2 - 9*s + 4. Calculate the remainder when w(-8) is divided by 8.
4
Let c = 10 + -6. Suppose c*m = -2*p + 11 + 15, 2*p = m + 1. Suppose -15 = -n - 4*r + 6*r, -39 = -2*n - m*r. What is the remainder when n is divided by 6?
5
Let d be (8/(-3))/((-22)/33). Suppose 2*z + d*y + 1 = 9, 24 = 3*z + 2*y. What is the remainder when z is divided by 4?
2
What is the remainder when 59 + (-1 - (-3 - -4)) is divided by 6?
3
Let x = 27 - 13. Let l = 53 - 80. Let d = l + 67. Calculate the remainder when d is divided by x.
12
Calculate the remainder when 63 is divided by (0 - -1)/((-3)/(-39)).
11
Let a = -63 + 112. What is the remainder when a is divided by 10?
9
Suppose -5*u - 40 = -4*v, -2*u = -7*v + 3*v + 40. What is the remainder when v is divided by 8?
2
Suppose a - 12 = -2*a. Suppose -a*q - 25 = -3*h, -3*h + 31 = h - 3*q. Calculate the remainder when h is divided by (-2 - -7)*8/10.
3
Suppose -4*c = -2*c - 30. Suppose -3*j + 6*j = c. Suppose j*r - 3*f + 4*f - 184 = 0, 107 = 3*r + 4*f. What is the remainder when r is divided by 13?
11
Suppose 4*f - 17 - 8 = -5*i, 2*i + 8 = 2*f. What is the remainder when 13 is divided by f?
3
Let s = 65 + -45. Suppose -u + 6*u = s. Calculate the remainder when 11 is divided by u.
3
Suppose -5*z = 18 - 123. Let j be -2 - -3 - (-3 - -1). Calculate the remainder when j/(-12) + 245/4 is divided by z.
19
Suppose 0 = -6*z + 33 + 69. Suppose 2*r - 3*k - 140 = -2*r, -3*k - 172 = -5*r. Calculate the remainder when r is divided by z.
15
Let z = 52 - -19. Calculate the remainder when z is divided by 19.
14
Let o be ((-13)/1)/(-2 + 1). Let f = o - 6. What is the remainder when 20 is divided by f?
6
Suppose 5*p = 10 - 0. Suppose 4*z = -4*u + 68, -2*u + u + p*z = -8. Calculate the remainder when 26 is divided by u.
12
Let i(y) = -y**3 - 16*y**2 - 15*y + 8. What is the remainder when i(-15) is divided by 1?
0
What is the remainder when (-5)/(3/(-8 + -1)) is divided by 10 - (-9)/(-3) - -2?
6
Suppose 7*d - 144 = 4*d. Suppose -4*f - x = -156 + 60, -29 = -f + x. What is the remainder when d is divided by f?
23
Let s = -35 + 55. Calculate the remainder when 98 is divided by s.
18
Calculate the remainder when 22 is divided by 693/88 + (-1)/(-8).
6
Let b = -46 + 95. What is the remainder when b is divided by 13?
10
Let p = 10 + 10. Suppose p + 5 = 5*t, -5*j + 2*t + 55 = 0. Calculate the remainder when 51 is divided by j.
12
Let w = 36 + -23. What is the remainder when w is divided by 8?
5
Let o(t) = -t**3 - t**2 + 2*t + 2. Calculate the remainder when 25 is divided by o(-3).
11
Let a(d) = d**3 + 5*d**2 - 4*d - 7. What is the remainder when 36 is divided by a(-5)?
10
Let l = -7 - -2. Let s be (-9)/(((-15)/2)/l). Let t(k) = k**3 + 5*k**2 - 10*k - 8. What is the remainder when 46 is divided by t(s)?
14
Suppose 5*b + 2*h - 508 = -0*h, 3*b = -2*h + 308. Let c(w) = 60*w**3 - w**2 + 1. Let p be c(-1). Let j = p + b. What is the remainder when j is divided by 14?
12
Suppose -14*u = -5*u - 108. Calculate the remainder when 70 is divided by u.
10
Suppose m + 351 = 4*m. Suppose 5*p = 2*f + m, 47 = 2*p - 5*f + 4*f. Let t(a) = -a**2 - 7*a + 2. Calculate the remainder when p is divided by t(-6).
7
Suppose -2*q = 2*h + 3*h - 346, 0 = 3*h - q - 201. What is the remainder when h is divided by 14?
12
Suppose -48 = -4*z - 0*z. What is the remainder when 3 is divided by (8/6)/(z/18)?
1
Suppose 4*o = -0*o + 60. Calculate the remainder when o is divided by 6.
3
Suppose 0 = -4*h - 3*o + 30, 2*h - 11 = -o + 3. Suppose f - 3*a = 15, -h*a = -5*f - a + 65. Calculate the remainder when 184/f + (-1)/3 is divided by 8.
7
Let z = 103 - 92. Calculate the remainder when z is divided by 2.
1
Let o(s) = -10*s. Suppose 0*h = -2*z - 4*h - 6, 0 = 5*h + 5. Calculate the remainder when 18 is divided by o(z).
8
Let u = -4 - -9. Suppose 1 = b + 2*q + u, -3*b - 4 = 4*q. Suppose -5*h + 31 = n, -2*n + b*n - 5*h = 62. What is the remainder when n is divided by 16?
15
Let g = -6 - 2. Let t = g + 12. Suppose -3*l - 2*w - 4 + 3 = 0, -2*w - t = 0. Calculate the remainder when l is divided by 1.
0
Let z = -14 - -22. Calculate the remainder when 29 is divided by z.
5
Let u be (-3 + -1 - 2)*-19. Let i be (3/(-9))/((-2)/u). Let q = i - -20. What is the remainder when q is divided by 14?
11
Let v(k) = -3*k - 8. Let m be v(-8). Let c = -2 + m. Calculate the remainder when c is divided by -5*(-2 - (-2 + 1)).
4
Let t be ((-6)/(-2))/((-3)/(-4)). Suppose -t*v = -34 - 46. What is the remainder when v is divided by 11?
9
Suppose 12*w = 6*w + 114. What is the remainder when 207 is divided by w?
17
Let o = -165 - -243. Suppose -2*n - 2*r = -46, -r + 104 = -n + 5*n. What is the remainder when o is divided by n?
24
Suppose 0 = b + 3*b - 48. Suppose 2*i - 17 = -d, -4*i - 4*d = -24 - b.